lculate the highest common factor of 262558 and 142.
142
Calculate the greatest common divisor of 30286 and 50505890.
1594
What is the highest common factor of 188677877 and 4594?
2297
What is the highest common divisor of 219345945 and 73320?
9165
What is the highest common divisor of 101876442 and 114?
114
Calculate the greatest common divisor of 14270976 and 300.
12
Calculate the greatest common divisor of 23273 and 440522.
37
Calculate the highest common factor of 1771585 and 5.
5
Calculate the greatest common factor of 141599837 and 10507.
1501
What is the highest common factor of 616584 and 6072?
552
Calculate the highest common divisor of 47271924 and 56.
28
Calculate the greatest common divisor of 775 and 35139225.
25
What is the highest common divisor of 56894635 and 1470?
245
Calculate the highest common factor of 17907 and 735.
3
Calculate the greatest common factor of 188790 and 401295.
465
Calculate the greatest common factor of 31156584 and 24.
24
What is the greatest common divisor of 1194 and 33909202?
398
Calculate the highest common factor of 684131688 and 11592.
1656
What is the highest common divisor of 7218306 and 4572?
18
Calculate the highest common factor of 58704 and 20946.
6
What is the highest common factor of 1638 and 150240168?
234
Calculate the highest common factor of 3488 and 593287.
109
What is the highest common divisor of 2554351 and 127?
127
What is the highest common factor of 19340332 and 2552?
1276
What is the highest common divisor of 91264154 and 1814?
1814
Calculate the highest common divisor of 136046612 and 260.
52
What is the greatest common factor of 50 and 17509325?
25
Calculate the greatest common factor of 2914952 and 5572.
796
Calculate the greatest common divisor of 238123990 and 104.
26
What is the greatest common factor of 17370 and 15569310?
5790
What is the highest common factor of 7442476 and 592?
148
What is the greatest common divisor of 127328999 and 392?
49
What is the highest common divisor of 40672 and 125792?
32
What is the highest common divisor of 1346666 and 393715?
1607
What is the highest common factor of 11643615 and 7290?
135
Calculate the highest common divisor of 2624868 and 115668.
612
What is the greatest common divisor of 109955514 and 48?
6
What is the highest common factor of 4 and 3150720?
4
What is the greatest common factor of 101016 and 8845000?
488
What is the greatest common divisor of 6893249 and 42592?
1331
Calculate the greatest common divisor of 20596 and 318668.
76
Calculate the highest common divisor of 17586288 and 48.
48
What is the highest common divisor of 2445 and 55500?
15
What is the greatest common divisor of 1196 and 86360584?
92
What is the greatest common divisor of 118343908 and 74?
74
What is the highest common divisor of 86172 and 321984?
516
Calculate the greatest common divisor of 198107080 and 16035.
5345
What is the greatest common divisor of 45 and 192835?
5
What is the highest common divisor of 260 and 6955325?
65
What is the greatest common divisor of 1219 and 65251?
23
What is the highest common factor of 46315768 and 152?
152
What is the highest common divisor of 2561 and 11401?
13
Calculate the greatest common divisor of 5810 and 51398165.
2905
Calculate the greatest common factor of 55 and 706085.
5
What is the highest common divisor of 44 and 20984051?
11
Calculate the highest common divisor of 31006 and 10291478.
838
What is the greatest common factor of 21 and 3843843?
3
What is the greatest common factor of 11692 and 16715452?
316
Calculate the highest common divisor of 9835 and 13182834.
1967
What is the greatest common divisor of 20803 and 52154?
293
What is the greatest common divisor of 1020103 and 126819?
427
Calculate the highest common divisor of 3495 and 8882193.
699
What is the greatest common factor of 212 and 2019989?
53
What is the greatest common divisor of 28479779 and 519?
173
Calculate the greatest common factor of 7264860 and 195.
15
What is the highest common factor of 169405 and 655697?
1993
What is the highest common factor of 2696 and 285102?
674
Calculate the highest common factor of 10215603 and 1052380.
7517
What is the highest common divisor of 52119557 and 2177?
2177
What is the greatest common divisor of 79470894 and 592?
74
What is the highest common divisor of 51353 and 39236?
577
Calculate the greatest common divisor of 380 and 20326010.
190
What is the highest common factor of 10519823 and 463?
463
Calculate the highest common divisor of 42119208 and 648.
72
What is the greatest common factor of 4710 and 84679677?
471
Calculate the highest common factor of 3224678 and 994.
142
What is the highest common divisor of 19406 and 409404?
626
Calculate the highest common divisor of 2626 and 5603379.
101
What is the highest common divisor of 26 and 113648626?
26
Calculate the highest common divisor of 119188 and 22410.
166
Calculate the highest common factor of 6204172 and 52.
52
Calculate the greatest common factor of 706670 and 25.
5
What is the highest common divisor of 123109956 and 5490?
1098
What is the greatest common divisor of 2077 and 26276462?
67
Calculate the greatest common divisor of 26 and 1250995057.
13
What is the greatest common divisor of 1212 and 42760572?
1212
What is the highest common factor of 56424620 and 420?
140
Calculate the greatest common divisor of 6975080 and 4408.
232
Calculate the greatest common divisor of 571860182 and 13029.
4343
Calculate the highest common divisor of 2259530 and 63882.
2366
Calculate the highest common divisor of 129315 and 1249305.
555
Calculate the greatest common divisor of 48 and 42405096.
24
Calculate the greatest common divisor of 298603368 and 1428.
1428
Calculate the greatest common factor of 17704 and 101798.
4426
Calculate the greatest common factor of 275304093 and 6.
3
What is the highest common factor of 227212 and 3870?
86
What is the greatest common divisor of 28 and 44134440?
28
Calculate the greatest common factor of 709554772 and 35853.
11951
What is the greatest common factor of 12623725 and 430?
215
Calculate the greatest common factor of 133184 and 31936.
64
What is the greatest common factor of 1424579028 and 36?
12
Calculate the greatest common factor of 144951252 and 3924.
1308
What is the highest common divisor of 73288360 and 8160?
680
Calculate the highest common factor of 25764552 and 21.
3
What is the greatest common factor of 470047875 and 765?
255
What is the greatest common factor of 568440582 and 318?
318
What is the greatest common divisor of 401230 and 826?
2
What is the greatest common divisor of 1513701 and 3402?
189
What is the highest common factor of 2703 and 36669?
51
What is the greatest common divisor of 2094 and 283734?
6
Calculate the greatest common factor of 25860461 and 1045.
11
What is the greatest common divisor of 7227544 and 76?
4
What is the highest common factor of 56546 and 483526?
1154
Calculate the greatest common divisor of 23599650 and 64854.
7206
Calculate the highest common divisor of 6097412 and 211347.
1021
What is the greatest common divisor of 7 and 32131687?
7
What is the highest common factor of 49994692 and 124?
124
Calculate the greatest common factor of 3204 and 208556548.
356
Calculate the greatest common factor of 18616 and 79014.
26
What is the greatest common divisor of 313721910 and 4590?
4590
What is the greatest common factor of 6260 and 1196?
4
What is the highest common divisor of 3623843 and 33998?
191
What is the greatest common factor of 7514680 and 6664?
136
What is the highest common factor of 461215 and 235?
5
Calculate the highest common factor of 308470 and 1674240.
1090
Calculate the greatest common divisor of 8 and 70333576.
8
Calculate the highest common divisor of 1748604 and 126984.
1716
Calculate the highest common factor of 2170 and 90370.
70
What is the greatest common factor of 2037577 and 41?
41
Calculate the highest common divisor of 10171524 and 66.
66
Calculate the highest common divisor of 440 and 353212816.
88
What is the greatest common factor of 819 and 15139761?
273
Calculate the highest common divisor of 14 and 15110123.
7
Calculate the greatest common divisor of 268 and 3492349808.
268
What is the highest common factor of 144468194 and 26?
